 p(-8).
11
Let n(x) = -x**2 + 8*x - 3. Determine n(9).
-12
Let v(p) = -p**3 + 5*p**2 + 8*p - 3. Give v(5).
37
Let f(h) = h**3 + 6*h**2 + 8*h + 12. What is f(-6)?
-36
Let a(k) = 2*k + 87. Determine a(0).
87
Let c(y) = -3*y + 12. What is c(11)?
-21
Let c(q) = q - 2. What is c(4)?
2
Let b(d) = d + 13. Calculate b(-8).
5
Let q(l) = 2*l**3 + 8*l**2 + 5*l - 3. Give q(-5).
-78
Let b(c) = 3*c**2 + 42*c - 55. Determine b(-15).
-10
Let r(b) = -2*b + 10. What is r(8)?
-6
Let t(a) = 98*a + 65. Determine t(-1).
-33
Let n(f) = f**3 - 6*f**2 - 6*f + 18. Give n(5).
-37
Let b(m) = -3*m**3 + 3*m**2 + 2*m + 14. Determine b(-3).
116
Let b(t) = -t**3 + 5*t**2 - 8*t + 4. What is b(3)?
-2
Let j(m) = -3*m + 40. What is j(13)?
1
Let c(n) = n + 7. Give c(-6).
1
Let x(r) = 8*r**2 + r + 1. Determine x(-1).
8
Let j(m) = m**2 - 14*m + 25. Determine j(11).
-8
Let l(o) = -2*o**2 - 6*o + 4. Calculate l(-5).
-16
Let l(u) = -u**3 + 17*u**2 - 58*u - 10. Calculate l(12).
14
Let p(w) = w**3 - 17*w**2 - w + 12. What is p(17)?
-5
Let l(f) = -f**3 - 3*f**2 + 2*f - 4. Calculate l(-3).
-10
Let u(o) = o**3 + 4*o**2 + 10*o + 24. What is u(-3)?
3
Let o(x) = 23*x. Calculate o(-3).
-69
Let r(q) = 2*q**3 + 36*q**2 - q - 11. Give r(-18).
7
Let c(r) = r**3 - 10*r**2 - 12*r + 5. Calculate c(11).
-6
Let m(b) = 6*b**3 + 106*b**2 - 37*b - 14. What is m(-18)?
4
Let d(s) = 4*s + 22. Determine d(-7).
-6
Let y(x) = x**3 - 8*x**2 - 12*x - 2. What is y(9)?
-29
Let q(i) = 2*i + 1. Give q(4).
9
Let z(j) = -j**3 - 10*j**2 - 10*j - 9. Determine z(-8).
-57
Let b(x) = 5*x - 13. Calculate b(11).
42
Let t(z) = 4*z - 9. Determine t(7).
19
Let h(j) = -9*j - 3. What is h(-1)?
6
Let d(p) = -p**3 + 10*p**2 + 2*p + 9. Calculate d(0).
9
Let i(u) = 3*u**2 - 31*u + 41. Determine i(9).
5
Let d(m) = -21*m**2 + 2*m + 2. Give d(-2).
-86
Let u(j) = -5*j**3 - j**2 + 3*j + 3. What is u(-2)?
33
Let f(j) = -j**2 - 13*j - 17. Give f(-5).
23
Let l(y) = -y**2 - 16*y - 17. What is l(-15)?
-2
Let d(c) = 3*c - 16. Determine d(7).
5
Let j(m) = m**3 + 13*m**2 - 13*m + 24. Calculate j(-14).
10
Let l(n) = n**3 - 6*n**2 + 4*n + 2. What is l(5)?
-3
Let n(g) = -3*g + 18. Calculate n(-17).
69
Let q(c) = -c + 14. Give q(8).
6
Let i(l) = -51*l**2 + l + 1. Give i(-1).
-51
Let l(k) = -2*k**2 + k + 5. Determine l(2).
-1
Let v(r) = 41*r**2 - 12*r - 11. Determine v(-1).
42
Let l(p) = -p - 7. Give l(0).
-7
Let r(i) = 3*i - 17. Give r(11).
16
Let s(w) = 5*w - 150. Give s(28).
-10
Let p(o) = o**3 + 12*o**2 - o - 9. Calculate p(-12).
3
Let o(m) = 6*m + 93. Determine o(-19).
-21
Let s(v) = -30*v + 62. Give s(2).
2
Let a(k) = -2*k**3 + 34*k**2 + 6*k - 48. Give a(17).
54
Let p(n) = 4*n + 4. Give p(-1).
0
Let c(i) = -i**2 - 12*i - 44. Give c(-5).
-9
Let i(s) = 39*s + 388. Calculate i(-10).
-2
Let k(u) = -u**3 + 16*u**2 + 51*u + 123. Give k(19).
9
Let i(j) = j**3 + 54*j**2 - 48*j + 392. Determine i(-55).
7
Let h(l) = 8*l - 60. Give h(7).
-4
Let m(z) = -3*z - 4. Give m(-6).
14
Let q(u) = 4*u - 9. What is q(6)?
15
Let u(m) = -5*m**3 + 3*m**2. Give u(-3).
162
Let q(h) = 11*h + 49. Determine q(-7).
-28
Let v(k) = -k**3 - 25*k**2 + 28*k + 45. Give v(-26).
-7
Let a(y) = y**3 + 12*y**2 + 12*y + 3. Calculate a(-11).
-8
Let j(l) = -5*l + 14. Calculate j(1).
9
Let g(c) = 2*c + 5. Calculate g(7).
19
Let j(n) = n + 8. Give j(-7).
1
Let m(a) = a**3 + 7*a**2 + a - 19. Give m(-7).
-26
Let x(p) = -27*p - 153. What is x(-6)?
9
Let s(c) = c - 31. Determine s(-20).
-51
Let l(a) = a**2 - 10*a + 8. Calculate l(10).
8
Let m(x) = 155*x**2 - 1. What is m(-1)?
154
Let d(s) = s**2 + 15*s - 252. Determine d(-25).
-2
Let l(n) = -2*n**2 - 7*n + 25. Calculate l(-5).
10
Let i(d) = -d**3 + 7*d**2 - 7*d - 9. What is i(5)?
6
Let a(i) = -3*i + 1. Give a(-2).
7
Let b(p) = 4*p + 52. What is b(-13)?
0
Let b(k) = k**3 - 5*k**2 + 4*k - 6. What is b(4)?
-6
Let k(r) = r**3 + 10*r**2 + 11*r - 1. Give k(-8).
39
Let u(d) = 2*d**2 - d - 3. What is u(-6)?
75
Let m(j) = 17*j - 23. What is m(2)?
11
Let j(h) = -4*h - 33. Determine j(-4).
-17
Let j(f) = -2*f**2 + 5. Determine j(-2).
-3
Let g(x) = 5*x + 56. Calculate g(-9).
11
Let i(v) = -v**3 + v**2 + 2*v + 8. What is i(0)?
8
Let x(h) = h**2 - 8*h + 4. What is x(6)?
-8
Let f(m) = -5*m - 6. Determine f(0).
-6
Let v(o) = o**2 + 8*o + 19. Give v(-5).
4
Let t(x) = -3*x**3 - 3*x**2 + x + 2. Give t(1).
-3
Let u(b) = 2*b**2 + 15*b - 6. Give u(-8).
2
Let y(b) = -b**3 + 7*b**2 + 75*b + 39. What is y(13)?
0
Let y(k) = -12*k - 152. Give y(-12).
-8
Let z(t) = 5*t + 2. Give z(2).
12
Let l(f) = 11*f**3 - f**2 + 1. Give l(-1).
-11
Let i(a) = 7*a**2. Calculate i(1).
7
Let j(f) = -f**2 - 9*f + 13. Give j(-14).
-57
Let b(j) = -j**2 + 15*j - 20. Determine b(12).
16
Let s(d) = d**3 - 5*d**2 - 7*d. Calculate s(6).
-6
Let i(o) = -9*o**2 - 4*o + 3. Give i(2).
-41
Let m(u) = 6*u + 9. Determine m(-10).
-51
Let x(y) = y**2 - 9*y - 11. Calculate x(9).
-11
Let m(n) = -n**2 - 10*n - 25. Give m(-6).
-1
Let h(l) = -l**3 + 10*l**2 - 8*l + 24. Give h(10).
-56
Let z(v) = -v**3 - 19*v**2 - v - 8. Give z(-19).
11
Let a(n) = -n**3 - 5*n**2 + 9*n + 6. Give a(-6).
-12
Let h(c) = -18*c**2 - 16*c + 17. Calculate h(1).
-17
Let f(s) = -8*s - 2. What is f(6)?
-50
Let u(z) = -33*z + 49. What is u(6)?
-149
Let a(t) = -t**3 + 8*t**2 + 18*t + 18. What is a(10)?
-2
Let f(t) = 5*t + 24. Calculate f(12).
84
Let c(i) = -23*i + 26. What is c(1)?
3
Let g(q) = -2*q + 16. Determine g(9).
-2
Let g(x) = x**2 - 6*x - 6. Calculate g(6).
-6
Let l(k) = -6*k - 193. What is l(-34)?
11
Let x(j) = j**3 + 7*j**2 + 5*j - 1. Give x(-6).
5
Let w(z) = z + 13. Give w(-11).
2
Let f(y) = y**3 - 13*y**2 + 19*y + 21. What is f(11)?
-12
Let z(o) = -3*o - 45. Determine z(-9).
-18
Let c(z) = 2*z - 51. Determine c(22).
-7
Let d(j) = 2*j**3 - 10*j**2 + 36*j - 118. Calculate d(4).
-6
Let f(n) = -3*n**3 - n - 2. Calculate f(-1).
2
Let o(q) = q**3 - 4*q**2 - 3*q - 8. What is o(5)?
2
Let x(k) = 2*k**2 + 13. Calculate x(-5).
63
Let a(n) = n**2 + 31*n + 242. Give a(-16).
2
Let j(y) = -y**3 + 5*y**2 + 18*y + 13. What is j(8)?
-35
Let t(o) = o**3 - 6*o**2 - 29*o + 157. Calculate t(7).
3
Let p(s) = 2*s + 3. Determine p(-1).
1
Let c(y) = 10*y + 102. Calculate c(-9).
12
Let q(h) = -h**2 - 9*h + 12. Calculate q(-10).
2
Let o(b) = -4*b**2 + 6*b + 1. Give o(3).
-17
Let l(j) = -j**2 + 10*j + 9. Determine l(9).
18
Let q(r) = -9*r + 3. Determine q(4).
-33
Let s(b) = 21*b + 135. Determine s(-6).
9
Let g(s) = 60*s - 5. What is g(-1)?
-65
Let x(i) = -i**3 - 2*i**2 + 7*i + 6. What is x(-4)?
10
Let z(i) = -i**3 + 22*i**2 - 39*i - 9. Determine z(20).
11
Let o(l) = -4*l. Give o(-4).
16
Let u(h) = -24*h**2 + 11*h. Calculate u(1).
-13
Let n(x) = 7*x**2 + 4*x - 6. Calculate n(4).
122
Let u(n) = 4*n + 1. Determine u(1).
5
Let i(w) = -w**3 - 5*w**2 - 15*w - 52. Calculate i(-5).
23
Let w(q) = -q**3 - 20*q**2 - q - 17. What is w(-20)?
3
Let w(b) = -23*b - 13. What is w(-2)?
33
Let v(d) = d**3 - 2*d + 9. Give v(0).
9
Let v(j) = -j**3 - 4*j**2 - 3*j + 4. Give v(-3).
4
Let b(w) = w - 12. Give b(7).
-5
Let f(w) = 2*w**3 + 14*w**2 + w - 2. Calculate f(-7).
-9
Let m(j) = -j**3 + 14*j**2 - 11*j + 3. Give m(13).
29
Let j(m) = -4*m - 93. Give j(-27).
15
Let y(q) = 3*q**3 - 2*q**2. Give y(-2).
-32
Let i(o) = -2*o - 59. Calculate i(-12).
-35
Let v(o) = -2*o**3 - 4*o**2 + 2*o + 8. Give v(-2).
4
Let s(g) = -11*g - 13. Calculate s(5).
-68
Let j(x) = x**3 - x**2 - x + 3. What is j(2)?
5
Let n(x) = -x**2 + 12*x - 34. Determine n(12).
-34
Let j(f) = -2*f**2 + f + 22. What is j(-4)?
-14
Let d(o) = -o**2 - 47*o - 330. What is d(-39)?
-18
Let y(c) = 10*c - 2. Give y(-4).
-42
Let h(m) = m**3 + 6*m**2 + 3*m - 4. Determine h(-6).
-22
Let z(w) = w**3 - 5*w**2 + 7*w + 2. Calculate z(5).
37
Let m(y) = y**3 - 8*y**2 + 8*y - 4. Give m(7).
3
Let g(w) = 5*w + 73. What is g(-23)?
-42
Let z(l) = l**3 + 7*l**2 - 10*l - 4. What is z(3)?
56
Let h(y) = -y**2 - 12*y - 30. Calculate h(-4).
2
Let u(v) = v**3 + 9*v**2 + 6*v - 6. Determine u(-8).
10
Let u(o) = -o**2 - 5*o + 23. What is u(-9)?
-13
Let r(i) = i + 7. What is r(-15)?
-8
Let k(y) = 16*y**2 + 11*y - 2. Give k(-1).
3
Let m(w) = -52*w - 310. What is m(-6)?
2
Let w(m) = 5*m - 80. Give w(17).
5
Let k(q) = -3*q**2 - 53*q + 72. Give k(-19).
-4
Let p(k) = k**3 + 9*k**2 + 10*k + 35. Calculate p(-8).
19
Let p(i) = 35*i**3 + i**2 - 2*i + 1. Calculate p